 = -2407*c - 61. What are the prime factors of d(-1)?
2, 3, 17, 23
Let a(f) = f - 1. Let k(r) = -24*r**2. Let u(p) = 3*a(p) - k(p). What are the prime factors of u(2)?
3, 11
Suppose -6*m + 1314 = -48. Let v = m - 54. List the prime factors of v.
173
Let y(c) = -13 + 6 + 16*c**2 + 3*c - 7*c. What are the prime factors of y(-2)?
5, 13
Let j(t) = t**3 + 14*t**2 + 11*t - 4. Let s be j(-13). Let y = 24 - s. Suppose 3*p - 98 = 5*z, 3*p + y*z - 91 = -0*p. List the prime factors of p.
31
Let m be ((-5)/15)/((-1)/9). Suppose m*b - 24 = 4*h - b, 0 = -4*h - 4*b + 8. Let a = h - -19. List the prime factors of a.
17
Suppose -481*y - 37904 = -497*y. What are the prime factors of y?
23, 103
Let w(y) = -7*y**2 + 7*y + 5. Let r(z) = 6*z**2 - 6*z - 4. Let o(t) = -6*r(t) - 5*w(t). Let u be o(-5). Let m = -9 - u. What are the prime factors of m?
2, 11
Suppose -959 - 1346 = -5*l. What are the prime factors of l?
461
Suppose 2*n + 2 = -3*o, -5*n + 5 = 25. Suppose o*k + 10 = 158. List the prime factors of k.
2, 37
Let s(x) = -5*x - 25. Let u be s(2). Let l be (45/6 - -1)*-2. Let q = l - u. What are the prime factors of q?
2, 3
Let h = 2645 + -997. List the prime factors of h.
2, 103
Let p(o) = o**3 + 17*o**2 + 17*o + 20. Let d be p(-16). Suppose d*v - 4*u = 520, 5*u = 2*u. What are the prime factors of v?
2, 5, 13
Let n = 19 + -10. Let r(g) = 3*g - n - 3*g - g**2 + 8*g + 3*g. List the prime factors of r(7).
19
Suppose -w + 6 = -32. Let o = w + -54. Let u = 31 + o. What are the prime factors of u?
3, 5
Suppose -753 - 279 = -4*t. Let d = 369 - t. What are the prime factors of d?
3, 37
Suppose 0 = 4*g + 3*r + 754, g + 245 - 50 = -4*r. Let b = 263 + g. List the prime factors of b.
2, 19
Let s = -518 + 858. Let c = -232 + s. List the prime factors of c.
2, 3
Suppose -i + 52 + 47 = v, 2*i = v + 183. Suppose 0 = -4*r + i - 18. Let k(w) = w - 8. What are the prime factors of k(r)?
11
Let u(z) = 4*z**3 - 5*z**2 + 6*z + 6. Let v(w) = w**3 + w. Let b(y) = -u(y) + 3*v(y). Let s be b(5). What are the prime factors of (1 + s)*(-2 - -1)?
2, 5
Let y(l) = -7*l - 5. Let u be y(-3). Let h(p) = p**3 - 15*p**2 - 9*p - 10. List the prime factors of h(u).
2, 3, 17
Suppose -4*o - 3*t + 1138 = 0, 5*o + 5*t - 1420 = -0*t. List the prime factors of o.
2, 11, 13
Let q(b) = b**3 + 9*b**2 + 8*b + 2. Let a be q(-8). Suppose -1 - 5 = -a*z. Suppose n + z*x = -0*x + 12, -5*n + 76 = -x. What are the prime factors of n?
3, 5
Let k = 4325 + -260. What are the prime factors of k?
3, 5, 271
Suppose 21*h + 1965 - 46821 = 0. What are the prime factors of h?
2, 3, 89
Let v be (-10)/((-1 + (-9)/(-6))*4). List the prime factors of (-172)/(-6) + v/((-45)/(-6)).
2, 7
Let d = 331 + 578. What are the prime factors of d?
3, 101
Suppose -4*l + j = -9821, -11*j + 7*j = -3*l + 7356. List the prime factors of l.
2, 307
Let s be (-3)/(-2) - (-4)/8. Suppose s*q + 19 = 159. What are the prime factors of q?
2, 5, 7
Let t(j) be the second derivative of 1/6*j**3 + 0 - 6*j + 13/2*j**2. List the prime factors of t(-9).
2
Suppose -4 = -5*l + 1. Let q(m) = -3 + 2 - l - 9*m. What are the prime factors of q(-2)?
2
Suppose 0 = 33*r - 28*r - 2910. List the prime factors of r.
2, 3, 97
Let z(j) = -j**2 + 8*j - 12. Let f be z(8). Let p be (-10)/((f/27)/4). Suppose -2*h + 0 = -p. What are the prime factors of h?
3, 5
List the prime factors of 0 + -1 - (71 - 2471).
2399
Suppose -2*r - 4 = -q, -5*r - 5*q - 4 = -6*q. Suppose -39 = l - 2*u, 6*u - 5*u + 3 = r. Let h = -20 - l. What are the prime factors of h?
5
Suppose 3*u + 1 = -2. Let d(c) = 4*c**3 - c**2 + c + 1. Let k be d(u). Let t(x) = -2*x + 1. List the prime factors of t(k).
11
Let b(i) = 0*i + 3*i**3 - i - 2*i**3 + 7*i**2 + 3*i + 17. What are the prime factors of b(-5)?
3, 19
Let u(c) = -721*c + 86. What are the prime factors of u(-2)?
2, 191
Let y(o) = 592*o**2 - 4*o - 1. Let j be y(-1). Suppose 4*i - j = -5*w, -w + 2*i + 88 = -17. List the prime factors of w.
5, 23
Let m be 7 - 3/(12/8). Suppose -z + m*h = -34, -2*h + 18 = -5*z + 142. List the prime factors of (z/10)/(5/50).
2, 3
Suppose 0 = m + 2*m + 18. Let i be 2 - -1 - (m + 7). Suppose -5*s = -3*t + 116, i*t + s - 70 = -3*s. What are the prime factors of t?
37
Suppose 0 = 4*r + 3*y - 32, -2*r = -7*r + 4*y + 9. Suppose 0 = -2*u - r*m + 35, -u + 2*u = 2*m + 40. Let q = u + 17. List the prime factors of q.
47
Let s(k) be the third derivative of -k**4/24 + 22*k**3/3 + 39*k**2. What are the prime factors of s(12)?
2
Let o = 255 - -4. What are the prime factors of o?
7, 37
Let h(p) = -255*p + 102. List the prime factors of h(-3).
3, 17
Let n = -17 - -76. Let c = n - -11. List the prime factors of c.
2, 5, 7
Let y(f) = f**2 - 8*f + 14. Let r be y(6). Suppose -3*m = b - 80, -5*b + 3*m + r*m = -360. What are the prime factors of b?
2, 37
Let b = 1388 + -824. List the prime factors of b.
2, 3, 47
List the prime factors of 0*1/(-2) - (-305 - 2669).
2, 1487
Let q(t) = 2*t**3 - 17*t**2 + 9*t - 2. Let v be q(8). Suppose z + v = -2*z. List the prime factors of (-186)/(-6) + 4 + z.
3, 11
Let x = 2013 - 1410. What are the prime factors of x?
3, 67
Let u(x) be the third derivative of -x**4/6 + 7*x**3/6 + 52*x**2. Let v be ((-24)/20)/((-1)/(-5)). List the prime factors of u(v).
31
Let k(d) = d + 6. Suppose -4*a - 2*i + 8 = 0, 2*a + 2 + 2 = -5*i. Suppose 4*x + 20 = 0, -a*x = -0*y + y + 7. List the prime factors of k(y).
2, 7
Let i(n) = n**3 - 12*n**2 + 11*n + 29. List the prime factors of i(14).
5, 23
Suppose 4*h = -5*a + 28, -3*a + a - 4*h = -16. Suppose a*d - 2*b + 4*b = 148, -4*d - 3*b + 150 = 0. What are the prime factors of d?
2, 3
Suppose 4*y = -5*r + 932, -2*r + 6*r + 5*y - 742 = 0. What are the prime factors of r?
2, 47
Suppose 307 = -5*d - 3*g + 45, 2 = 2*g. Let o(l) = 4*l**2 - 6*l + 4. Let s be o(4). List the prime factors of 33/s - d/4.
2, 7
Let t = 60 + -36. List the prime factors of (-16)/t - 1276/(-6).
2, 53
Suppose -24 + 4 = -l - 5*g, -3*l + 3*g - 12 = 0. Suppose -2*b + 3*b - 2 = l. Suppose -b*r = -4*r + 34. What are the prime factors of r?
17
Let v be (-2)/130*-10 - 31846/(-26). Suppose -4*p + v = p. List the prime factors of p.
5, 7
Let v = -21 + 28. Let x = v + -34. What are the prime factors of 7/(-14) - x/6?
2
Suppose -11*z = 21*z - 27360. What are the prime factors of z?
3, 5, 19
Let f be 33/2*(-12)/(-18). Let q(l) = l - 8. Let d be q(f). What are the prime factors of (d - (8 - 2))*-6?
2, 3
Suppose -4*r + 7*r = 516. Suppose 12*z = 14*z - r. What are the prime factors of z?
2, 43
Suppose 3*m + 25 = 3*n - 2*m, 2*n + 2*m + 10 = 0. Suppose -3*i + 21 + 45 = n. Suppose r - 27 + 5 = 3*l, -3*l = r - i. List the prime factors of r.
2, 11
Let o = -113 + 205. Let c = 81 + o. List the prime factors of c.
173
Let n = 11719 + -5864. List the prime factors of n.
5, 1171
Suppose -2*g - g + 80 = -4*s, 14 = g + 5*s. Let r be ((-198)/g)/(3/(-16)). Let k = r + -5. List the prime factors of k.
3, 13
Suppose -5*n - 26 = -4*d - 5, -2*d = -3*n - 11. Suppose 2*z - 4*u - 82 = 0, -2*u + u + 137 = d*z. List the prime factors of z.
5, 7
Suppose -4*m + 3*d = -0*d - 69, 99 = 4*m + 3*d. Let l = m - 11. Suppose 4*n + l = 5*n. What are the prime factors of n?
2, 5
Suppose 3*y = -15, -c + 3*y - 1645 = -6*c. List the prime factors of c.
2, 83
Let s(z) = -142*z + 211. List the prime factors of s(-14).
3, 733
Let m = -24 - -29. Let g be (-2)/1 + (m - 2). Suppose 0 = -i + g + 10. What are the prime factors of i?
11
Let s be (-1 - 39) + 2 + -2. List the prime factors of (189/(-15))/(12/s).
2, 3, 7
List the prime factors of 1063/((-120)/(-220) + 1/(-22)).
2, 1063
Let a(l) = l**3 - l**2 - 6*l + 2160. List the prime factors of a(0).
2, 3, 5
Suppose 4*g = 4*y - 12, 3 = -g - g - y. List the prime factors of (-2)/4 - 113/g.
2, 7
Suppose 0 = 5*a - 4*u - 259, 71 = 4*a + 5*u - 128. List the prime factors of a.
3, 17
Suppose -3*a + 291 + 328 = 5*s, -5*s - 5*a + 625 = 0. Suppose 0 = 18*l - 16*l - s. What are the prime factors of l?
61
Suppose 4*h + 6*m - m + 70 = 0, -2*h + m = 42. Let r = 7 - h. What are the prime factors of r?
3
Suppose 0 = 27*t - 22*t - 735. What are the prime factors of t?
3, 7
Suppose -2*k + 18 = -5*q, 5*k + 5*q + 0*q = 10. Suppose -k*g + 616 = -4*m, -4*g - m = -2*m - 625. What are the prime factors of g?
157
Suppose -2288*h = -2281*h - 16842. List